 when 7 is divided by t?
3
Let n = -820 - -834. What is the remainder when n is divided by 9?
5
Let u = -129 + 201. Suppose -3*s - 296 = -11*s. Calculate the remainder when u is divided by s.
35
Suppose -h - 99 = -3*v + h, 4*h + 12 = 0. Suppose -368 = -7*w + 3*w. Calculate the remainder when w is divided by v.
30
Suppose -2 = i - 5. Suppose -l = -i*l + 14. Let s = l + -4. What is the remainder when s is divided by 1?
0
Let q(o) = -7 - 3*o**2 - 4*o + 207*o**3 - 421*o**3 + 215*o**3. Let l be (8 - 1)/1 - 2. What is the remainder when q(l) is divided by 8?
7
Let m(d) = -d - 1. Let f(j) = j**2 - 7*j - 2. Let b(w) = -f(w) - 2*m(w). What is the remainder when b(8) is divided by 7?
5
Let y(m) = -m**3 + m + 10. Let d be y(0). Suppose 3*r - 5*a = 109, -2*a = -10 + 8. What is the remainder when r is divided by (-4)/d + 52/5?
8
Suppose 21 = 2*o - q + 2*q, 15 = -3*q. Suppose 5*c - 192 = -3*c. Calculate the remainder when c is divided by o.
11
Let b(v) = -65*v**3 - 5*v**2 + v + 9. Let q(d) = -33*d**3 - 2*d**2 + 4. Let o(u) = 2*b(u) - 5*q(u). Calculate the remainder when o(1) is divided by 18.
17
Suppose -i = z + 12 - 2, 0 = 2*z + 3*i + 17. Let x = 7 - z. Calculate the remainder when 52 is divided by x.
12
Let j be ((-6)/(-12))/(5/30). Suppose 4*u = -3*f + 57, 2*u = 3*u - j. Calculate the remainder when 28 is divided by f.
13
Let x = 2 + -1. Let p(j) = 7*j - 1. Let t(i) = -i**2 + 18*i + 125. Calculate the remainder when t(23) is divided by p(x).
4
Suppose -2*b = -6*b + 100. What is the remainder when 289*(-4)/(-16) + (-18)/72 is divided by b?
22
Let c = -8 + -23. What is the remainder when 28 is divided by c/(-3) - (-12)/18?
6
Let h = 3 + 26. Suppose 0 = -94*f + 100*f - 504. What is the remainder when f is divided by h?
26
Let d = -2927 + 2970. What is the remainder when 377 is divided by d?
33
Let u(m) = -14*m + 226. Calculate the remainder when 52 is divided by u(14).
22
What is the remainder when 140 is divided by (189/28)/(30/320)?
68
Let v be (0 - 3)*(1 + -4 - 14). Let t = v - 40. Suppose 2*b - 3 = 7. What is the remainder when t is divided by b?
1
Let t(h) = 23*h + 3. Let n be t(1). Suppose 0 = -n*s + 21*s + 230. Calculate the remainder when 88 is divided by s.
42
Suppose 34 = 3*u - u. Suppose -10*a - 42 = -4*a. What is the remainder when 1 - -43 - 28/a is divided by u?
14
Suppose -7 = -5*u + 8. Let r = 60 - 56. Suppose -5 = -r*q + i + 27, -u*q + 1 = 5*i. Calculate the remainder when 24 is divided by q.
3
Let y be (3 - 2)/(3/(-69)). Suppose 2*r - 44 = f, 4*f - 3*f = -3*r - 24. Let x = y - f. What is the remainder when 36 is divided by x?
10
Let p(f) = f**2 - 39*f + 3. Suppose -3*o = -5*i + i + 28, -i + 5*o = -7. Calculate the remainder when i is divided by p(0).
1
Let a(j) = 3*j + 10. Let w be a(-5). Let y = w - -17. Calculate the remainder when 34 is divided by y.
10
Let a(k) = 2*k - 6. Let x be a(-5). Let u = -8 - x. Let b(s) = 2*s - 7. What is the remainder when 17 is divided by b(u)?
8
Suppose 3*o - c = 2136, -o + 1424 = o + 5*c. Suppose -4*u - h = -0*h - o, -2*u = 2*h - 362. Calculate the remainder when u is divided by 45.
42
Suppose 217*u = 214*u + 3*a + 12, -31 = -4*u + a. Let x = 2 + -6. What is the remainder when u is divided by 4*(-2)/x + 4?
3
Let y(v) = v**2 + 12*v - 13. Let k(d) = d**2 + 17. Calculate the remainder when k(10) is divided by y(-14).
12
Calculate the remainder when ((-561)/(-13) - 2/13) + 5 is divided by (-238)/(-18) - (-2)/(-9).
9
What is the remainder when 55 is divided by (1286/(-15))/(-2) + 28/210?
12
Let s(w) = -w**3 - 10*w**2 + 337*w + 12. Suppose -5*v + 233 = -137. What is the remainder when v is divided by s(14)?
22
Let m(z) = 14*z**2 + 12*z - 14. What is the remainder when 130 is divided by m(1)?
10
Let b(p) = 130*p - 54*p - 66*p - 23. Calculate the remainder when 33 is divided by b(4).
16
What is the remainder when (36/(-5))/((-26)/455) is divided by 13?
9
Suppose d + 396 - 792 = 0. What is the remainder when d is divided by 80?
76
Let p be ((-96)/(-18))/((-4)/(-6)). What is the remainder when p + 16 - (1 + -1) is divided by 9?
6
Suppose 0 = -12*m + 14*m - 34. Suppose 7*d = -d + 344. Calculate the remainder when d is divided by m.
9
What is the remainder when ((-4)/(-4))/((-8)/(-464)) is divided by 44?
14
Calculate the remainder when 2/(-5 + 6)*37 is divided by 15.
14
Let p = 272 - 212. What is the remainder when p is divided by 26?
8
Suppose -2 = -5*i + 23. Suppose -i*p + 255 = -100. What is the remainder when p is divided by -4*1*(-18)/4?
17
Suppose -h + 5*h = q - 69, -5*h - 232 = -4*q. What is the remainder when 155 is divided by q?
49
Let k(d) = 19*d - 367. Suppose 3*y - 5*y = 4*c - 142, -3*y - 183 = -5*c. What is the remainder when c is divided by k(20)?
10
Let t(x) = -x**2 - x - 214. Let b be t(0). What is the remainder when b/(-9) - 8/(-36) is divided by 7?
3
Let s(n) = -n**3 + 17*n**2 + n - 6. Let q be s(17). Suppose 6*p = q*p - 25. Calculate the remainder when 12 is divided by p.
2
Let g(a) = a**2 - 3*a + 2. Let m be g(2). Suppose -4*n + 2*o + 76 = m, 4*n - n + 3*o = 39. What is the remainder when 24 is divided by n?
7
Let y(p) = p**2 + 16*p - 72. Calculate the remainder when 45 is divided by y(-20).
5
Suppose 5*c - 3*n + n = 46, -5*n = 2*c - 30. Let w = -95 - -133. Suppose -w = g - 2*g. Calculate the remainder when g is divided by c.
8
What is the remainder when 446/8 - 20/(-16) is divided by 16?
9
Let t = -375 - -404. Calculate the remainder when 61 is divided by t.
3
Suppose 0 = -2*d - 8, -3*u - d = -4*d - 3. Let g be 70/9 + 2/9. Calculate the remainder when 104/u*(-12)/g is divided by 18.
16
Suppose -22 = -3*j - 5*r, 2*r - 8 = 5*j - 24. Let u be (-24)/(-14) + (-6)/(-21). Let b = u - 0. What is the remainder when j is divided by b?
0
Suppose 0 = -5*h + 7*c - 5*c - 379, -373 = 5*h + c. Let f = h + 124. Calculate the remainder when f is divided by 14.
7
Suppose 0*z + 3*z = 30. Suppose 4*h - z - 34 = 0. Calculate the remainder when h is divided by 8.
3
Suppose -687*s + 680*s = -84. Calculate the remainder when ((-6)/(-2))/(1/7) is divided by s.
9
Let d = 86 - 74. What is the remainder when 115 is divided by d?
7
Let k = 1225 + -1112. What is the remainder when k is divided by 108?
5
Suppose 0 = -3*v, -5*h + 5*v + 131 = 26. What is the remainder when 773 is divided by h?
17
Suppose 2*z = -10*q + 11*q + 366, -z + 173 = -3*q. Calculate the remainder when z is divided by 64.
57
Suppose 13*x - 124 = 123. What is the remainder when 1971/36 - 1/(-4) is divided by x?
17
Suppose 2*j - 287 = -f, j - 3*f = -36 + 162. Calculate the remainder when j is divided by 24.
21
Let l = 704 - 685. Calculate the remainder when 204 is divided by l.
14
Suppose r - 35 = 2*y, 4*r + 31 - 146 = 3*y. What is the remainder when 897 is divided by r?
22
Let m be (12/10)/(4/10). Suppose -c - m = 0, 3*s + c = 4*c + 240. What is the remainder when s is divided by 16?
13
Suppose -r - 6 = g, -5*r - 4 + 2 = -2*g. What is the remainder when 15 is divided by (7/r + 4)*16?
7
Let b(g) = g**2 - 2*g + 7. Let j be b(3). Suppose 5*z = 4*z - 2*p + j, -p = 3*z - 30. What is the remainder when 48 is divided by z?
8
Let j(p) = -2. Let w(t) = -2*t - 65. Let a(v) = 6*j(v) - w(v). Calculate the remainder when 52 is divided by a(-22).
7
Let x = 366 - 97. What is the remainder when x is divided by 6?
5
Suppose -58 = 4*t - 10. Let p be (198/8)/(t/32). Let a = -32 - p. Calculate the remainder when a is divided by 7.
6
Let k(x) = 3*x - 9. Let c be k(3). Suppose c = 6*l - l - 70. What is the remainder when 55 is divided by l?
13
Let a = -97 - -1463. Calculate the remainder when a is divided by 72.
70
Calculate the remainder when 105 is divided by (3 - 3) + 172/(-20)*-5.
19
Calculate the remainder when (-8)/14*(-335 + 48) is divided by 44.
32
Suppose -5*u - 5*b + 1235 = 0, -765 = -3*u - 0*b + 3*b. Calculate the remainder when u is divided by 36.
35
Let g(i) = 5*i. Let o(y) = y**3 + 27*y**2 + 39. Calculate the remainder when o(0) is divided by g(2).
9
Let x(n) = n**3 + 2*n**2 + n - 8. Let c(s) = -s + 1. Let w(k) = -c(k) - x(k). Calculate the remainder when 76 is divided by w(0).
6
Suppose 0 = 6*a - 45 + 15. Suppose -a*z + 4*y = -89, 2*z - 3*y = -6*y + 31. Calculate the remainder when 25 is divided by z.
8
Let c(u) = -u**2 + 78*u - 129. Suppose 3*m - 43 = -7. Calcu